onvert 4b2a9 (base 15) to base 4.
322221222
Convert -2404190 (base 10) to base 16.
-24af5e
Convert -9cb300 (base 15) to base 4.
-130202011323
Convert 11535552 (base 8) to base 10.
2538346
What is -1a76057 (base 11) in base 16?
-354afe
What is -88138 (base 13) in base 5?
-30340110
What is 1104140 (base 8) in base 4?
1020201200
Convert -14562244 (base 7) to base 4.
-11110023310
Convert 102100022000 (base 3) to base 12.
a9276
Convert 2447a (base 14) to base 15.
1b435
332210321 (base 4) to base 13
8c885
Convert -203140 (base 6) to base 13.
-752a
Convert 12c118 (base 16) to base 12.
4b3334
What is 107b97 (base 12) in base 3?
111100020221
Convert 20022002111020 (base 3) to base 13.
902b29
-138580 (base 11) to base 15
-44160
What is -84468 (base 9) in base 11?
-38a09
Convert dd4b (base 14) to base 2.
1001010110001111
-1133635 (base 8) to base 11
-1a12a5
71788 (base 12) to base 5
14213432
-495e41 (base 16) to base 3
-100001021200121
Convert 23220121 (base 4) to base 13.
188b9
Convert -2338184 (base 10) to base 6.
-122040532
Convert 4343545 (base 6) to base 13.
7740b
1212266 (base 7) to base 4
211232000
Convert 1b3c93 (base 16) to base 2.
110110011110010010011
100101120220 (base 3) to base 7
1366653
Convert -4120202112 (base 5) to base 10.
-8365907
1101100010011110100 (base 2) to base 16
6c4f4
Convert -144114234 (base 5) to base 16.
-bbf98
Convert -2210301021 (base 4) to base 9.
-1237686
What is 1443232101 (base 5) in base 2?
1110110100000110001001
What is -25115034 (base 6) in base 13?
-221854
Convert 110010000101010110 (base 2) to base 4.
302011112
10310144 (base 5) to base 14
241c2
Convert 9968364 (base 10) to base 16.
981aec
Convert -4443332 (base 6) to base 7.
-1621103
22261303 (base 7) to base 12
791501
Convert -352d9 (base 14) to base 7.
-1046462
13ed96 (base 15) to base 10
961566
What is 1101011111100101000 (base 2) in base 4?
1223330220
-1398c0 (base 14) to base 3
-1021112002211
What is -7117735 (base 8) in base 2?
-111001001111111011101
Convert -47150 (base 10) to base 15.
-de85
-29763 (base 15) to base 5
-13231133
What is -221331124 (base 7) in base 8?
-62736663
2bb37b (base 16) to base 15
3b88d0
Convert 10001100010101011110 (base 2) to base 10.
574814
Convert -530306 (base 7) to base 14.
-2543d
-2204322222 (base 5) to base 4
-102022111221
20860 (base 14) to base 5
10002414
10080072 (base 9) to base 12
1752402
-11011100111100100001111 (base 2) to base 3
-111121211100100
-748104 (base 11) to base 14
-232182
-56222 (base 9) to base 11
-26085
What is 100010110100001010010 (base 2) in base 4?
10112201102
What is -3e53 (base 16) in base 15?
-4ada
What is 1011100100010100101001 (base 2) in base 14?
58d133
What is -14246633 (base 8) in base 6?
-153130535
What is -8168582 (base 10) in base 15?
-ab54c2
What is c3a6d (base 14) in base 10?
471281
Convert -10001202020122 (base 3) to base 14.
-305805
Convert -14b00 (base 12) to base 5.
-1413412
-15752a0 (base 11) to base 14
-4dcd94
Convert 10110111111100000010 (base 2) to base 12.
304002
What is -4011324304 (base 5) in base 12?
-2799a3a
Convert 254a2b (base 14) to base 15.
1a4703
What is 11770445 (base 8) in base 2?
1001111111000100100101
What is 30208a (base 16) in base 15?
424808
What is -2eac49 (base 15) in base 2?
-1000101000101111010011
What is -2522331 (base 7) in base 13?
-b4c03
-82656 (base 10) to base 8
-241340
What is -340a42 (base 14) in base 12?
-713996
10111100110001000011 (base 2) to base 5
144220222
Convert 14600577 (base 8) to base 10.
3342719
-1347b7 (base 12) to base 4
-1031321323
What is -436421 (base 9) in base 11?
-168876
What is 240420 (base 9) in base 16?
2352c
What is 26ea0 (base 16) in base 11?
a9832
What is 198211 (base 10) in base 9?
331804
Convert 11111001011011100 (base 2) to base 12.
61aa4
What is 37347 (base 12) in base 16?
12427
What is 464640 (base 8) in base 12?
77600
What is 654213 (base 9) in base 14?
a22a9
1648aa (base 14) to base 16
bead6
Convert -5724546 (base 8) to base 14.
-2c519c
-57005 (base 13) to base 2
-100110100111101101
What is -2378535 (base 9) in base 6?
-43410305
What is -edbb8 (base 16) in base 14?
-1b4c1a
What is -2016441 (base 7) in base 11?
-154336
Convert 65d225 (base 14) to base 10.
3455121
Convert 10220110011 (base 3) to base 13.
28cb4
-202110121221 (base 3) to base 8
-1422661
Convert 107ee (base 15) to base 16.
ccc8
Convert 1223341 (base 9) to base 14.
134572
122002120 (base 4) to base 14
2ac1a
Convert 11010011001100001010111 (base 2) to base 4.
122121201113
Convert -1571077 (base 8) to base 5.
-104031411
What is -1316c6 (base 13) in base 11?
-29495a
What is -1141141241 (base 5) in base 7?
-31521460
10100101101111111011001 (base 2) to base 14
a1546d
What is 2947170 (base 11) in base 15?
69e6c5
11003993 (base 10) to base 9
22631568
2440423 (base 5) to base 2
1011010100011011
Convert -1010010001000000110 (base 2) to base 5.
-41231030
Convert -10000000100011001111 (base 2) to base 7.
-4322053
Convert -1001212022212 (base 3) to base 5.
-121140010
What is 13515 (base 11) in base 7?
110065
Convert 221222201 (base 3) to base 13.
8815
1200012211022 (base 3) to base 5
211434412
Convert 63c57 (base 13) to base 12.
88249
81ad (base 16) to base 7
165533
What is 671702 (base 9) in base 5?
100322034
3a77a37 (base 12) to base 2
101100010001010000001011
What is -28284 (base 11) in base 10?
-40264
What is -106815 (base 9) in base 14?
-194d7
What is -323112231002 (base 4) in base 12?
-5264402
34470776 (base 8) to base 4
130213013332
-3246166 (base 7) to base 2
-1100001001111110000
What is -dd8bd (base 14) in base 13?
-15a456
What is 92561 (base 14) in base 13?
c447a
What is -84015 (base 11) in base 3?
-20012222212
What is -133310111 (base 5) in base 16?
-a67b2
Convert 20230355 (base 7) to base 8.
6341032
14015022 (base 6) to base 10
468950
Convert 12105043 (base 6) to base 11.
241112
-17340 (base 10) to base 3
-212210020
50049b (base 12) to base 9
2306552
Convert -2335067 (base 8) to base 10.
-637495
What is 21330210 (base 6) in base 9?
1165386
What is -214621 (base 11) in base 9?
-572226
-1817600 (base 9) to base 5
-230002413
What is -2891d (base 14) in base 9?
-162860
Convert -4cc1a (base 15) to base 13.
-87acc
Convert -1363475 (base 8) to base 13.
-10712a
Convert 10102002201100 (base 3) to base 14.
35290c
What is 14b9864 (base 13) in base 16?
656e3f
Convert cef64 (base 16) to base 4.
3032331210
-24113102 (base 5) to base 7
-1615601
-317659 (base 10) to base 2
-1001101100011011011
Convert -4184633 (base 9) to base 8.
-10430335
What is -123203353 (base 6) in base 12?
-976559
What is -69102 (base 14) in base 12?
-103966
-102212121 (base 4) to base 10
-76185
What is 1313450254 (base 6) in base 9?
32266627
-c0dd32 (base 16) to base 13
-2807122
Convert 1d99d (base 14) to base 4.
102203113
What is -402024 (base 6) in base 7?
-160663
What is -424680 (base 9) in base 12?
-102360
Convert -10240344 (base 5) to base 10.
-86974
111101001000110100 (base 2) to base 6
5211204
Convert 5c307 (base 15) to base 10.
294307
What is 527163 (base 8) in base 12?
85843
What is 2033001230 (base 5) in base 13?
b38130
Convert -6dc4d4 (base 16) to base 10.
-7193812
110110010010101101 (base 2) to base 3
102022001100
What is -110422212 (base 5) in base 10?
-482807
What is 1220111300 (base 4) in base 3?
210201020202
Convert 776166 (base 8) to base 13.
91ba3
What is 20624a (base 12) in base 8?
1740732
13881 (base 14) to base 10
48329
What is -10ac98d (base 15) in base 14?
-182b1db
55110100 (base 7) to base 8
22014741
335422144 (base 6) to base 8
27344120
What is -2114605 (base 11) in base 8?
-16153105
Convert -197136 (base 11) to base 4.
-1021303121
Convert 10144410 (base 5) to base 9.
137637
-13032102310 (base 4) to base 5
-441043211
-2011022021221 (base 3) to base 9
-2138257
Convert 39ba17 (base 12) to base 11.
5a1498
2071 (base 14) to base 13
270a
What is -48a46a0 (base 11) in base 5?
-4140332342
Convert 1808850 (base 13) to base 14.
1076642
What is -22121110012201 (base 3) in base 10?
-4575358
Convert 11010100001001000 (base 2) to base 5.
11433431
-25426263 (base 7) to base 15
-3094ac
Convert 12710017 (base 9) to base 3.
102210100000121
Convert -66011 (base 8) to base 4.
-12300021
9390c1 (base 16) to base 2
100100111001000011000001
What is 131020303 (base 4) in base 10?
119347
2656446 